{"id":11001,"date":"2021-07-19T16:33:55","date_gmt":"2021-07-19T21:33:55","guid":{"rendered":"https:\/\/casa.oaxaca.gob.mx\/?page_id=11001"},"modified":"2026-01-13T16:59:37","modified_gmt":"2026-01-13T22:59:37","slug":"comite-de-etica","status":"publish","type":"page","link":"https:\/\/casa.oaxaca.gob.mx\/?page_id=11001","title":{"rendered":"Comit\u00e9 de \u00e9tica"},"content":{"rendered":"\r\n<h2 class=\"wp-block-heading\">Integrantes | Comit\u00e9 de \u00c9tica y Prevenci\u00f3n de Conflictos de Inter\u00e9s<\/h2>\r\n\r\n\r\n\r\n<p>Daniel Efren Brena Wilson<br \/>Director General<br \/>PRESIDENTE<\/p>\r\n\r\n\r\n\r\n<p>Gbhiz-ban Antonio Aquino<br \/>Jefe del Departamento Jur\u00eddico<br \/>Secretario Ejecutivo<\/p>\r\n\r\n\r\n\r\n<p>Ariadna Josefina Maldonado Ruiz<br \/>Directora de Producci\u00f3n Art\u00edstica<br \/>Vocal A<\/p>\r\n\r\n\r\n\r\n<p>Joaqu\u00edn Juan Ortiz Reyes<br \/>Jefe de Unidad de Curadur\u00eda y Mantenimiento<br \/>Vocal B<\/p>\r\n\r\n\r\n\r\n<p>Osman Dom\u00ednguez S\u00e1nchez<br \/>Jefe del Departamento de Actividades Art\u00edsticas<br \/>Vocal C<\/p>\r\n<p>\r\n\r\n<\/p>\r\n<p>Luz Magally Gij\u00f3n Ballesteros<br \/>Jefa del Departamento de Vinculaci\u00f3n<br \/>Vocal D<\/p>\r\n<p>\r\n\r\n<\/p>\r\n<p>Alejandra Ascencio Baeza<br \/>Jefa del Departamento de Promoci\u00f3n y Difusi\u00f3n<br \/>Vocal E<\/p>\r\n<p>&nbsp;<\/p>\r\n\r\n\r\n\r\n<p><a href=\"https:\/\/drive.google.com\/drive\/folders\/1QOy7Ji0J40nubJ7deClVT4KRuAvV1ACD?usp=sharing\">MARCO JUR\u00cdDICO<\/a><\/p>\r\n\r\n\r\n\r\n<p><a href=\"https:\/\/drive.google.com\/drive\/folders\/1dghZaJJNmKweUianRIs2_fPVumjUOXA-?usp=sharing\">PLANES ANUALES<\/a><\/p>\r\n\r\n\r\n\r\n<p><a href=\"https:\/\/drive.google.com\/drive\/folders\/12GkLDG_Je0pihgPEm68aq9ZtrDz_H_5m?usp=sharing\">ACTAS SESIONES<\/a><\/p>\r\n","protected":false},"excerpt":{"rendered":"<p>Integrantes | Comit\u00e9 de \u00c9tica y Prevenci\u00f3n de Conflictos de Inter\u00e9s Daniel Efren Brena WilsonDirector GeneralPRESIDENTE Gbhiz-ban Antonio AquinoJefe del Departamento Jur\u00eddicoSecretario Ejecutivo Ariadna Josefina Maldonado RuizDirectora de Producci\u00f3n Art\u00edsticaVocal [&hellip;]<\/p>\n","protected":false},"author":1,"featured_media":0,"parent":0,"menu_order":0,"comment_status":"closed","ping_status":"closed","template":"","meta":{"_exactmetrics_skip_tracking":false,"_exactmetrics_sitenote_active":false,"_exactmetrics_sitenote_note":"","_exactmetrics_sitenote_category":0,"footnotes":""},"class_list":["post-11001","page","type-page","status-publish","hentry"],"_links":{"self":[{"href":"https:\/\/casa.oaxaca.gob.mx\/index.php?rest_route=\/wp\/v2\/pages\/11001","targetHints":{"allow":["GET"]}}],"collection":[{"href":"https:\/\/casa.oaxaca.gob.mx\/index.php?rest_route=\/wp\/v2\/pages"}],"about":[{"href":"https:\/\/casa.oaxaca.gob.mx\/index.php?rest_route=\/wp\/v2\/types\/page"}],"author":[{"embeddable":true,"href":"https:\/\/casa.oaxaca.gob.mx\/index.php?rest_route=\/wp\/v2\/users\/1"}],"replies":[{"embeddable":true,"href":"https:\/\/casa.oaxaca.gob.mx\/index.php?rest_route=%2Fwp%2Fv2%2Fcomments&post=11001"}],"version-history":[{"count":4,"href":"https:\/\/casa.oaxaca.gob.mx\/index.php?rest_route=\/wp\/v2\/pages\/11001\/revisions"}],"predecessor-version":[{"id":18141,"href":"https:\/\/casa.oaxaca.gob.mx\/index.php?rest_route=\/wp\/v2\/pages\/11001\/revisions\/18141"}],"wp:attachment":[{"href":"https:\/\/casa.oaxaca.gob.mx\/index.php?rest_route=%2Fwp%2Fv2%2Fmedia&parent=11001"}],"curies":[{"name":"wp","href":"https:\/\/api.w.org\/{rel}","templated":true}]}}

Comité de ética

<h2 class="wp-block-heading">Integrantes | Comité de Ética y Prevención de Conflictos de Interés</h2>



<p>Daniel Efren Brena Wilson<br />Director General<br />PRESIDENTE</p>



<p>Gbhiz-ban Antonio Aquino<br />Jefe del Departamento Jurídico<br />Secretario Ejecutivo</p>



<p>Ariadna Josefina Maldonado Ruiz<br />Directora de Producción Artística<br />Vocal A</p>



<p>Joaquín Juan Ortiz Reyes<br />Jefe de Unidad de Curaduría y Mantenimiento<br />Vocal B</p>



<p>Osman Domínguez Sánchez<br />Jefe del Departamento de Actividades Artísticas<br />Vocal C</p>
<p>

</p>
<p>Luz Magally Gijón Ballesteros<br />Jefa del Departamento de Vinculación<br />Vocal D</p>
<p>

</p>
<p>Alejandra Ascencio Baeza<br />Jefa del Departamento de Promoción y Difusión<br />Vocal E</p>
<p>&nbsp;</p>



<p><a href="https://drive.google.com/drive/folders/1QOy7Ji0J40nubJ7deClVT4KRuAvV1ACD?usp=sharing">MARCO JURÍDICO</a></p>



<p><a href="https://drive.google.com/drive/folders/1dghZaJJNmKweUianRIs2_fPVumjUOXA-?usp=sharing">PLANES ANUALES</a></p>



<p><a href="https://drive.google.com/drive/folders/12GkLDG_Je0pihgPEm68aq9ZtrDz_H_5m?usp=sharing">ACTAS SESIONES</a></p>

<p>Integrantes | Comité de Ética y Prevención de Conflictos de Interés Daniel Efren Brena WilsonDirector GeneralPRESIDENTE Gbhiz-ban Antonio AquinoJefe del Departamento JurídicoSecretario Ejecutivo Ariadna Josefina Maldonado RuizDirectora de Producción ArtísticaVocal [&hellip;]</p>
