{"id":1502,"date":"2017-03-29T15:39:22","date_gmt":"2017-03-29T21:39:22","guid":{"rendered":"https:\/\/casa.oaxaca.gob.mx\/?page_id=1502"},"modified":"2026-04-27T16:40:16","modified_gmt":"2026-04-27T22:40:16","slug":"compartir","status":"publish","type":"page","link":"https:\/\/casa.oaxaca.gob.mx\/?page_id=1502","title":{"rendered":"Compartir"},"content":{"rendered":"<\/div><\/div><\/div><!-- close content main div --><\/div><\/div><div id='av_section_1' class='avia-section main_color avia-section-default avia-no-shadow avia-bg-style-scroll  av-minimum-height av-minimum-height-50 av-section-with-video-bg av-section-mobile-video-disabled container_wrap fullsize'    data-section-video-ratio='16:9' ><div  data-size='featured'  data-lightbox_size='large'  data-animation='slide'  data-ids=''  data-video_counter='1'  data-autoplay='false'  data-bg_slider='false'  data-slide_height=''  data-handle=''  data-interval='5'  data-class=' av-section-video-bg'  data-css_id=''  data-scroll_down=''  data-control_layout=''  data-custom_markup=''  data-perma_caption=''  data-autoplay_stopper=''  data-image_attachment=''  data-min_height='0px'  data-default-height='28.666666666667'  class='avia-slideshow avia-slideshow-1  av-default-height-applied avia-slideshow-featured   av-section-video-bg avia-slide-slider '  itemscope=\"itemscope\" itemtype=\"https:\/\/schema.org\/ImageObject\" ><ul class='avia-slideshow-inner' style='padding-bottom: 28.666666666667%;'><li  data-controls='disabled' data-mute='1' data-loop='1' data-disable-autoplay=''  data-video-ratio='3.4883720930233' class=' av-video-slide  av-video-service-youtube  av-hide-video-controls av-mute-video av-loop-video av-single-slide slide-1 ' ><div data-rel='slideshow-1' class='avia-slide-wrap'  ><div class='av-click-overlay'><\/div><div class='mejs-mediaelement'><div height='1600' width='900' class='av_youtube_frame' id='player_1502_544845241_1629180176'  data-autoplay='0'  data-videoid='7bX56BwwG8o'  data-hd='1'  data-rel='0'  data-wmode='opaque'  data-playlist='player_1502_544845241_1629180176'  data-loop='0'  data-version='3'  data-autohide='1'  data-color='white'  data-controls='0'  data-showinfo='0'  data-iv_load_policy='3' ><\/div><\/div><\/div><\/li><\/ul><\/div><div class='container' ><div class='template-page content  av-content-full alpha units'><div class='post-entry post-entry-type-page post-entry-1502'><div class='entry-content-wrapper clearfix'>\n<\/div><\/div><\/div><!-- close content main div --><\/div><\/div><div id='av-layout-grid-1' class='av-layout-grid-container entry-content-wrapper main_color av-flex-cells  container_wrap fullsize'   >\n<div class=\"flex_cell no_margin av_one_full   \" style='vertical-align:top; padding:30px; background-color:#006bb2; '><div class='flex_cell_inner' ><div style='padding-bottom:10px;color:#ffffff;font-size:40px;' class='av-special-heading av-special-heading-h3 custom-color-heading blockquote modern-quote modern-centered  av-inherit-size'><h3 class='av-special-heading-tag'  itemprop=\"headline\"  >COMPARTIR<\/h3><div class ='av-subheading av-subheading_below av_custom_color' style='font-size:20px;'><p>Exposiciones, pl\u00e1ticas y conciertos.<\/p>\n<\/div><div class='special-heading-border'><div class='special-heading-inner-border' style='border-color:#ffffff'><\/div><\/div><\/div>\n<\/div><\/div>\n<\/div>\n<div class=\"flex_column av_one_full  flex_column_div av-zero-column-padding first  \" style='border-radius:0px; '><div  data-autoplay=''  data-interval='5'  data-animation='fade'  data-show_slide_delay='90'  class='avia-content-slider avia-content-grid-active avia-content-slider1 avia-content-slider-odd '  itemscope=\"itemscope\" itemtype=\"https:\/\/schema.org\/Blog\" ><div class='avia-content-slider-inner'><div class='slide-entry-wrap'><article class='slide-entry flex_column  post-entry post-entry-18460 slide-entry-overview slide-loop-1 slide-parity-odd  post-entry-last  av_one_third first real-thumbnail'  itemscope=\"itemscope\" itemtype=\"https:\/\/schema.org\/BlogPosting\" itemprop=\"blogPost\" ><a href='https:\/\/casa.oaxaca.gob.mx\/?p=18460' data-rel='slide-1' class='slide-image' title=''><img loading=\"lazy\" decoding=\"async\" width=\"495\" height=\"400\" src=\"https:\/\/casa.oaxaca.gob.mx\/wp-content\/uploads\/2026\/03\/Hacer-memorias-495x400.jpg\" class=\"attachment-portfolio size-portfolio wp-post-image\" alt=\"\" srcset=\"https:\/\/casa.oaxaca.gob.mx\/wp-content\/uploads\/2026\/03\/Hacer-memorias-495x400.jpg 495w, https:\/\/casa.oaxaca.gob.mx\/wp-content\/uploads\/2026\/03\/Hacer-memorias-845x684.jpg 845w\" sizes=\"auto, (max-width: 495px) 100vw, 495px\" \/><\/a><div class='slide-content'><header class=\"entry-content-header\"><h3 class='slide-entry-title entry-title'  itemprop=\"headline\" ><a href='https:\/\/casa.oaxaca.gob.mx\/?p=18460' title='Exposici\u00f3n. &quot;Hacer Memoria(s). Fotograf\u00eda period\u00edstica y documental en Oaxaca&quot;'>Exposici\u00f3n. \"Hacer Memoria(s). Fotograf\u00eda period\u00edstica y documental en Oaxaca\"<\/a><\/h3><span class=\"av-vertical-delimiter\"><\/span><\/header><\/div><footer class=\"entry-footer\"><\/footer><span class='hidden'>\n\t\t\t<span class='av-structured-data'  itemscope=\"itemscope\" itemtype=\"https:\/\/schema.org\/ImageObject\"  itemprop='image'>\n\t\t\t\t\t   <span itemprop='url' >https:\/\/casa.oaxaca.gob.mx\/wp-content\/uploads\/2026\/03\/Hacer-memorias.jpg<\/span>\n\t\t\t\t\t   <span itemprop='height' >1350<\/span>\n\t\t\t\t\t   <span itemprop='width' >1080<\/span>\n\t\t\t\t  <\/span><span class='av-structured-data'  itemprop=\"publisher\" itemtype=\"https:\/\/schema.org\/Organization\" itemscope=\"itemscope\" >\n\t\t\t\t<span itemprop='name'><\/span>\n\t\t\t\t<span itemprop='logo' itemscope itemtype='http:\/\/schema.org\/ImageObject'>\n\t\t\t\t   <span itemprop='url'>https:\/\/casa.oaxaca.gob.mx\/wp-content\/uploads\/2021\/03\/LOGO-CASA-01.png<\/span>\n\t\t\t\t <\/span>\n\t\t\t  <\/span><span class='av-structured-data'  itemprop=\"author\" itemscope=\"itemscope\" itemtype=\"https:\/\/schema.org\/Person\" ><span itemprop='name'><\/span><\/span><span class='av-structured-data'  itemprop=\"datePublished\" datetime=\"\" >2026-03-25 16:54:13<\/span><span class='av-structured-data'  itemprop=\"dateModified\" itemtype=\"https:\/\/schema.org\/dateModified\" >2026-03-25 16:54:13<\/span><span class='av-structured-data'  itemprop=\"mainEntityOfPage\" itemtype=\"https:\/\/schema.org\/mainEntityOfPage\" ><span itemprop='name'>Exposici\u00f3n. \"Hacer Memoria(s). Fotograf\u00eda period\u00edstica y documental en Oaxaca\"<\/span><\/span><\/span><\/article><\/div><\/div><\/div><\/div>\n","protected":false},"excerpt":{"rendered":"","protected":false},"author":1,"featured_media":0,"parent":0,"menu_order":0,"comment_status":"closed","ping_status":"closed","template":"","meta":{"_exactmetrics_skip_tracking":false,"_exactmetrics_sitenote_active":false,"_exactmetrics_sitenote_note":"","_exactmetrics_sitenote_category":0,"footnotes":""},"class_list":["post-1502","page","type-page","status-publish","hentry"],"_links":{"self":[{"href":"https:\/\/casa.oaxaca.gob.mx\/index.php?rest_route=\/wp\/v2\/pages\/1502","targetHints":{"allow":["GET"]}}],"collection":[{"href":"https:\/\/casa.oaxaca.gob.mx\/index.php?rest_route=\/wp\/v2\/pages"}],"about":[{"href":"https:\/\/casa.oaxaca.gob.mx\/index.php?rest_route=\/wp\/v2\/types\/page"}],"author":[{"embeddable":true,"href":"https:\/\/casa.oaxaca.gob.mx\/index.php?rest_route=\/wp\/v2\/users\/1"}],"replies":[{"embeddable":true,"href":"https:\/\/casa.oaxaca.gob.mx\/index.php?rest_route=%2Fwp%2Fv2%2Fcomments&post=1502"}],"version-history":[{"count":7,"href":"https:\/\/casa.oaxaca.gob.mx\/index.php?rest_route=\/wp\/v2\/pages\/1502\/revisions"}],"predecessor-version":[{"id":18762,"href":"https:\/\/casa.oaxaca.gob.mx\/index.php?rest_route=\/wp\/v2\/pages\/1502\/revisions\/18762"}],"wp:attachment":[{"href":"https:\/\/casa.oaxaca.gob.mx\/index.php?rest_route=%2Fwp%2Fv2%2Fmedia&parent=1502"}],"curies":[{"name":"wp","href":"https:\/\/api.w.org\/{rel}","templated":true}]}}

</div></div></div><!-- close content main div --></div></div><div id='av_section_1' class='avia-section main_color avia-section-default avia-no-shadow avia-bg-style-scroll  av-minimum-height av-minimum-height-50 av-section-with-video-bg av-section-mobile-video-disabled container_wrap fullsize'    data-section-video-ratio='16:9' ><div  data-size='featured'  data-lightbox_size='large'  data-animation='slide'  data-ids=''  data-video_counter='1'  data-autoplay='false'  data-bg_slider='false'  data-slide_height=''  data-handle=''  data-interval='5'  data-class=' av-section-video-bg'  data-css_id=''  data-scroll_down=''  data-control_layout=''  data-custom_markup=''  data-perma_caption=''  data-autoplay_stopper=''  data-image_attachment=''  data-min_height='0px'  data-default-height='28.666666666667'  class='avia-slideshow avia-slideshow-1  av-default-height-applied avia-slideshow-featured   av-section-video-bg avia-slide-slider '  itemscope="itemscope" itemtype="https://schema.org/ImageObject" ><ul class='avia-slideshow-inner' style='padding-bottom: 28.666666666667%;'><li  data-controls='disabled' data-mute='1' data-loop='1' data-disable-autoplay=''  data-video-ratio='3.4883720930233' class=' av-video-slide  av-video-service-youtube  av-hide-video-controls av-mute-video av-loop-video av-single-slide slide-1 ' ><div data-rel='slideshow-1' class='avia-slide-wrap'  ><div class='av-click-overlay'></div><div class='mejs-mediaelement'><div height='1600' width='900' class='av_youtube_frame' id='player_1502_544845241_1629180176'  data-autoplay='0'  data-videoid='7bX56BwwG8o'  data-hd='1'  data-rel='0'  data-wmode='opaque'  data-playlist='player_1502_544845241_1629180176'  data-loop='0'  data-version='3'  data-autohide='1'  data-color='white'  data-controls='0'  data-showinfo='0'  data-iv_load_policy='3' ></div></div></div></li></ul></div><div class='container' ><div class='template-page content  av-content-full alpha units'><div class='post-entry post-entry-type-page post-entry-1502'><div class='entry-content-wrapper clearfix'>
</div></div></div><!-- close content main div --></div></div><div id='av-layout-grid-1' class='av-layout-grid-container entry-content-wrapper main_color av-flex-cells  container_wrap fullsize'   >
<div class="flex_cell no_margin av_one_full   " style='vertical-align:top; padding:30px; background-color:#006bb2; '><div class='flex_cell_inner' ><div style='padding-bottom:10px;color:#ffffff;font-size:40px;' class='av-special-heading av-special-heading-h3 custom-color-heading blockquote modern-quote modern-centered  av-inherit-size'><h3 class='av-special-heading-tag'  itemprop="headline"  >COMPARTIR</h3><div class ='av-subheading av-subheading_below av_custom_color' style='font-size:20px;'><p>Exposiciones, pláticas y conciertos.</p>
</div><div class='special-heading-border'><div class='special-heading-inner-border' style='border-color:#ffffff'></div></div></div>
</div></div>
</div>
<div class="flex_column av_one_full  flex_column_div av-zero-column-padding first  " style='border-radius:0px; '><div  data-autoplay=''  data-interval='5'  data-animation='fade'  data-show_slide_delay='90'  class='avia-content-slider avia-content-grid-active avia-content-slider1 avia-content-slider-odd '  itemscope="itemscope" itemtype="https://schema.org/Blog" ><div class='avia-content-slider-inner'><div class='slide-entry-wrap'><article class='slide-entry flex_column  post-entry post-entry-18460 slide-entry-overview slide-loop-1 slide-parity-odd  post-entry-last  av_one_third first real-thumbnail'  itemscope="itemscope" itemtype="https://schema.org/BlogPosting" itemprop="blogPost" ><a href='https://casa.oaxaca.gob.mx/?p=18460' data-rel='slide-1' class='slide-image' title=''><img loading="lazy" decoding="async" width="495" height="400" src="https://casa.oaxaca.gob.mx/wp-content/uploads/2026/03/Hacer-memorias-495x400.jpg" class="attachment-portfolio size-portfolio wp-post-image" alt="" srcset="https://casa.oaxaca.gob.mx/wp-content/uploads/2026/03/Hacer-memorias-495x400.jpg 495w, https://casa.oaxaca.gob.mx/wp-content/uploads/2026/03/Hacer-memorias-845x684.jpg 845w" sizes="auto, (max-width: 495px) 100vw, 495px" /></a><div class='slide-content'><header class="entry-content-header"><h3 class='slide-entry-title entry-title'  itemprop="headline" ><a href='https://casa.oaxaca.gob.mx/?p=18460' title='Exposición. &quot;Hacer Memoria(s). Fotografía periodística y documental en Oaxaca&quot;'>Exposición. "Hacer Memoria(s). Fotografía periodística y documental en Oaxaca"</a></h3><span class="av-vertical-delimiter"></span></header></div><footer class="entry-footer"></footer><span class='hidden'>
			<span class='av-structured-data'  itemscope="itemscope" itemtype="https://schema.org/ImageObject"  itemprop='image'>
					   <span itemprop='url' >https://casa.oaxaca.gob.mx/wp-content/uploads/2026/03/Hacer-memorias.jpg</span>
					   <span itemprop='height' >1350</span>
					   <span itemprop='width' >1080</span>
				  </span><span class='av-structured-data'  itemprop="publisher" itemtype="https://schema.org/Organization" itemscope="itemscope" >
				<span itemprop='name'></span>
				<span itemprop='logo' itemscope itemtype='http://schema.org/ImageObject'>
				   <span itemprop='url'>https://casa.oaxaca.gob.mx/wp-content/uploads/2021/03/LOGO-CASA-01.png</span>
				 </span>
			  </span><span class='av-structured-data'  itemprop="author" itemscope="itemscope" itemtype="https://schema.org/Person" ><span itemprop='name'></span></span><span class='av-structured-data'  itemprop="datePublished" datetime="" >2026-03-25 16:54:13</span><span class='av-structured-data'  itemprop="dateModified" itemtype="https://schema.org/dateModified" >2026-03-25 16:54:13</span><span class='av-structured-data'  itemprop="mainEntityOfPage" itemtype="https://schema.org/mainEntityOfPage" ><span itemprop='name'>Exposición. "Hacer Memoria(s). Fotografía periodística y documental en Oaxaca"</span></span></span></article></div></div></div></div>
