{"id":2704,"date":"2017-09-21T15:28:52","date_gmt":"2017-09-21T20:28:52","guid":{"rendered":"https:\/\/casa.oaxaca.gob.mx\/?page_id=2704"},"modified":"2025-08-14T13:20:56","modified_gmt":"2025-08-14T19:20:56","slug":"visita","status":"publish","type":"page","link":"https:\/\/casa.oaxaca.gob.mx\/?page_id=2704","title":{"rendered":"Visita"},"content":{"rendered":"<\/div><\/div><\/div><!-- close content main div --><\/div><\/div><div id='av_section_1' class='avia-section main_color avia-section-default avia-no-shadow av-parallax-section avia-bg-style-parallax  av-minimum-height av-minimum-height-50 container_wrap fullsize'  data-section-bg-repeat='no-repeat' ><div class='av-parallax' data-avia-parallax-ratio='0.3' ><div class='av-parallax-inner main_color  avia-full-stretch' style = 'background-repeat: no-repeat; background-image: url(https:\/\/casa.oaxaca.gob.mx\/wp-content\/uploads\/2021\/06\/Fachada-1030x445-1.png); background-attachment: scroll; background-position: top center; ' ><\/div><\/div><div class='container' ><div class='template-page content  av-content-full alpha units'><div class='post-entry post-entry-type-page post-entry-2704'><div class='entry-content-wrapper clearfix'>\n<\/div><\/div><\/div><!-- close content main div --><\/div><\/div><div id='av-layout-grid-1' class='av-layout-grid-container entry-content-wrapper main_color av-flex-cells  container_wrap fullsize'   >\n<div class=\"flex_cell no_margin av_one_full   \" style='vertical-align:top; padding:30px; background-color:#edae44; '><div class='flex_cell_inner' ><div style='padding-bottom:10px;color:#ffffff;font-size:40px;' class='av-special-heading av-special-heading-h3 custom-color-heading blockquote modern-quote modern-centered   av-inherit-size'><h3 class='av-special-heading-tag'  itemprop=\"headline\"  >C\u00d3MO LLEGAR<\/h3><div class ='av-subheading av-subheading_below av_custom_color' style='font-size:20px;'><p>C\u00f3mo llegar al Centro de las Artes de San Agust\u00edn<\/p>\n<\/div><div class='special-heading-border'><div class='special-heading-inner-border' style='border-color:#ffffff'><\/div><\/div><\/div>\n<\/div><\/div>\n<\/div>\n<\/div><\/div><\/div><!-- close content main div --><\/div><\/div><div id='av-layout-grid-2' class='av-layout-grid-container entry-content-wrapper main_color av-flex-cells  container_wrap fullsize'   >\n<div class=\"flex_cell no_margin av_one_full   \" style='vertical-align:top; padding:30px; background-color:#edae44; '><div class='flex_cell_inner' ><\/div><\/div>\n<\/div>\n<div class=\"flex_column av_one_half  flex_column_div av-zero-column-padding first  \" style='border-radius:0px; '><p><div style='padding-bottom:10px;font-size:30px;' class='av-special-heading av-special-heading-h3  blockquote modern-quote   av-inherit-size'><h3 class='av-special-heading-tag'  itemprop=\"headline\"  >RUTAS<\/h3><div class='special-heading-border'><div class='special-heading-inner-border' ><\/div><\/div><\/div><br \/>\n<div style='padding-bottom:10px;font-size:30px;' class='av-special-heading av-special-heading-h3  blockquote modern-quote   av-inherit-size'><h3 class='av-special-heading-tag'  itemprop=\"headline\"  >En transporte p\u00fablico<\/h3><div class='special-heading-border'><div class='special-heading-inner-border' ><\/div><\/div><\/div><br \/>\n<section class=\"av_textblock_section\"  itemscope=\"itemscope\" itemtype=\"https:\/\/schema.org\/CreativeWork\" ><div class='avia_textblock '   itemprop=\"text\" ><p><b>Si vienes de alguna parte de la ciudad al CaSa<\/b><\/p>\n<p>Dir\u00edgete hacia la central de abastos al oeste de la ciudad, estando ah\u00ed localiza la calle Prolongaci\u00f3n de Valerio Trujano. Ah\u00ed se encuentran los taxis for\u00e1neos de la zona de Etla (color guinda con blanco) y el sitio El C\u00e1rcamo de la comunidad de San Agust\u00edn. Toma el taxi y baja en la \u00faltima parada, ubicada a 100 metros de CaSa, conocida como Vista Hermosa.<\/p>\n<p><b>Hay 2 formas de llegar a la central:<\/b><\/p>\n<ol>\n<li>En cami\u00f3n, la mayor\u00eda de las rutas pasa por la central<\/li>\n<li>Puedes contratar un taxi particular, los sitios seguros son Alameda, Antequera, ADO y Reforma. Si tomas el taxi desde el centro de la ciudad o sitios cercanos el costo es de $70 a $100 aproximadamente<\/li>\n<\/ol>\n<p><b>Costo de autob\u00fas $ 10<br \/>\n<\/b><\/p>\n<p><b>Costo de taxi for\u00e1neo: $20.00<\/b><\/p>\n<p>Tambi\u00e9n puedes llegar hasta el CaSa en taxi particular, si lo tomas desde Centro Hist\u00f3rico o sitios cercanos el costo aproximado es de <b>$250 de d\u00eda y $300 a $250 por la noche<\/b>.<\/p>\n<p><b>Recomendaci\u00f3n: <\/b>La Central de Abastos suele ser un lugar concurrido, te recomendamos tomar precauciones y no permanecer hasta muy tarde.<\/p>\n<\/div><\/section><br \/>\n<div style='padding-bottom:10px;font-size:30px;' class='av-special-heading av-special-heading-h3  blockquote modern-quote   av-inherit-size'><h3 class='av-special-heading-tag'  itemprop=\"headline\"  >En autom\u00f3vil particular<\/h3><div class='special-heading-border'><div class='special-heading-inner-border' ><\/div><\/div><\/div><br \/>\n<section class=\"av_textblock_section\"  itemscope=\"itemscope\" itemtype=\"https:\/\/schema.org\/CreativeWork\" ><div class='avia_textblock '   itemprop=\"text\" ><p><b>En autom\u00f3vil particular<\/b><\/p>\n<p><b>Del centro de la ciudad al CaSa<\/b><b><br \/>\n<\/b>Toma la Carretera Internacional 190 Oaxaca-M\u00e9xico, conduce hasta llegar a la desviaci\u00f3n de San Sebasti\u00e1n, Etla; entra por esta desviaci\u00f3n, dobla a la izquierda rumbo a San Agust\u00edn y conduce derecho hasta llegar a un cruce en el cual ver\u00e1s una tienda con el letrero Miscel\u00e1nea Do\u00f1a Anita; toma tu izquierda, aproximadamente a 3 kil\u00f3metros encontrar\u00e1s el CaSa.<\/p>\n<\/div><\/section><\/p><\/div><div class=\"flex_column av_one_half  flex_column_div av-zero-column-padding   \" style='border-radius:0px; '><p><section class=\"av_textblock_section\"  itemscope=\"itemscope\" itemtype=\"https:\/\/schema.org\/CreativeWork\" ><div class='avia_textblock '   itemprop=\"text\" ><p>Direcci\u00f3n<\/p>\n<p>Independencia s\/n, Barrio de Vista Hermosa, San Agust\u00edn Etla, Oaxaca.<\/p>\n<p>Tel\u00e9fonos<\/p>\n<p>01 (951) 52 1 25 74<\/p>\n<p>01 (951) 52 1 30 42<\/p>\n<p>01 (951) 52 1 30 43<\/p>\n<p>Horario de visita:<br \/>\nLunes a domingo de<br \/>\n10:00 a 18:00 h<\/p>\n<p>Horario de oficina:<br \/>\nLunes a viernes de<br \/>\n10:00 a 14:00 h y<br \/>\n15:00 y 18:00 h<\/p>\n<p>S\u00e1bados de<br \/>\n10:00 a 14:00 h<\/p>\n<p>Tel\u00e9fono:<br \/>\n01 951 521 2574 ext 103<\/p>\n<\/div><\/section><br \/>\n<section class=\"av_textblock_section\"  itemscope=\"itemscope\" itemtype=\"https:\/\/schema.org\/CreativeWork\" ><div class='avia_textblock '   itemprop=\"text\" ><p><iframe loading=\"lazy\" style=\"border: 0;\" src=\"https:\/\/www.google.com\/maps\/embed?pb=!1m28!1m12!1m3!1d122008.87995533904!2d-96.82378751580046!3d17.132349399946243!2m3!1f0!2f0!3f0!3m2!1i1024!2i768!4f13.1!4m13!3e0!4m5!1s0x85c722307c109a83%3A0x2d00b968e46c6649!2sADO+Oaxaca%2C+5+de+Mayo%2C+Barrio+de+Jalatlaco%2C+Oaxaca!3m2!1d17.070346699999998!2d-96.7170125!4m5!1s0x85c6e01270d914d5%3A0xf09cd8b2e3e4741!2sCentro+de+las+Artes+de+San+Agust%C3%ADn%2C+Av+Independencia+s%2Fn%2C+Vista+Hermosa%2C+68247+San+Agust%C3%ADn+Etla%2C+Oax.%2C+M%C3%A9xico!3m2!1d17.1968312!2d-96.7604971!5e0!3m2!1ses!2smx!4v1506028381696\" width=\"600\" height=\"450\" frameborder=\"0\" allowfullscreen=\"allowfullscreen\"><\/iframe><\/p>\n<\/div><\/section><br \/>\n<section class=\"av_textblock_section\"  itemscope=\"itemscope\" itemtype=\"https:\/\/schema.org\/CreativeWork\" ><div class='avia_textblock '   itemprop=\"text\" ><p><iframe loading=\"lazy\" style=\"border: 0;\" src=\"https:\/\/www.google.com\/maps\/embed?pb=!1m28!1m12!1m3!1d122010.40085261308!2d-96.82801388729912!3d17.130032300033186!2m3!1f0!2f0!3f0!3m2!1i1024!2i768!4f13.1!4m13!3e0!4m5!1s0x85c72240a981b095%3A0xb38a056a1ee0fa68!2sCentro%2C+Oaxaca%2C+Oax.!3m2!1d17.0637447!2d-96.7253164!4m5!1s0x85c6e01270d914d5%3A0xf09cd8b2e3e4741!2sCentro+de+las+Artes+de+San+Agust%C3%ADn%2C+Av+Independencia+s%2Fn%2C+Vista+Hermosa%2C+68247+San+Agust%C3%ADn+Etla%2C+Oax.%2C+M%C3%A9xico!3m2!1d17.1968312!2d-96.7604971!5e0!3m2!1ses!2smx!4v1506026967591\" width=\"600\" height=\"450\" frameborder=\"0\" allowfullscreen=\"allowfullscreen\"><\/iframe><\/p>\n<\/div><\/section><\/p><\/div><\/p>\n","protected":false},"excerpt":{"rendered":"","protected":false},"author":1,"featured_media":0,"parent":0,"menu_order":0,"comment_status":"closed","ping_status":"closed","template":"","meta":{"_exactmetrics_skip_tracking":false,"_exactmetrics_sitenote_active":false,"_exactmetrics_sitenote_note":"","_exactmetrics_sitenote_category":0,"footnotes":""},"class_list":["post-2704","page","type-page","status-publish","hentry"],"_links":{"self":[{"href":"https:\/\/casa.oaxaca.gob.mx\/index.php?rest_route=\/wp\/v2\/pages\/2704","targetHints":{"allow":["GET"]}}],"collection":[{"href":"https:\/\/casa.oaxaca.gob.mx\/index.php?rest_route=\/wp\/v2\/pages"}],"about":[{"href":"https:\/\/casa.oaxaca.gob.mx\/index.php?rest_route=\/wp\/v2\/types\/page"}],"author":[{"embeddable":true,"href":"https:\/\/casa.oaxaca.gob.mx\/index.php?rest_route=\/wp\/v2\/users\/1"}],"replies":[{"embeddable":true,"href":"https:\/\/casa.oaxaca.gob.mx\/index.php?rest_route=%2Fwp%2Fv2%2Fcomments&post=2704"}],"version-history":[{"count":38,"href":"https:\/\/casa.oaxaca.gob.mx\/index.php?rest_route=\/wp\/v2\/pages\/2704\/revisions"}],"predecessor-version":[{"id":17161,"href":"https:\/\/casa.oaxaca.gob.mx\/index.php?rest_route=\/wp\/v2\/pages\/2704\/revisions\/17161"}],"wp:attachment":[{"href":"https:\/\/casa.oaxaca.gob.mx\/index.php?rest_route=%2Fwp%2Fv2%2Fmedia&parent=2704"}],"curies":[{"name":"wp","href":"https:\/\/api.w.org\/{rel}","templated":true}]}}

</div></div></div><!-- close content main div --></div></div><div id='av_section_1' class='avia-section main_color avia-section-default avia-no-shadow av-parallax-section avia-bg-style-parallax  av-minimum-height av-minimum-height-50 container_wrap fullsize'  data-section-bg-repeat='no-repeat' ><div class='av-parallax' data-avia-parallax-ratio='0.3' ><div class='av-parallax-inner main_color  avia-full-stretch' style = 'background-repeat: no-repeat; background-image: url(https://casa.oaxaca.gob.mx/wp-content/uploads/2021/06/Fachada-1030x445-1.png); background-attachment: scroll; background-position: top center; ' ></div></div><div class='container' ><div class='template-page content  av-content-full alpha units'><div class='post-entry post-entry-type-page post-entry-2704'><div class='entry-content-wrapper clearfix'>
</div></div></div><!-- close content main div --></div></div><div id='av-layout-grid-1' class='av-layout-grid-container entry-content-wrapper main_color av-flex-cells  container_wrap fullsize'   >
<div class="flex_cell no_margin av_one_full   " style='vertical-align:top; padding:30px; background-color:#edae44; '><div class='flex_cell_inner' ><div style='padding-bottom:10px;color:#ffffff;font-size:40px;' class='av-special-heading av-special-heading-h3 custom-color-heading blockquote modern-quote modern-centered   av-inherit-size'><h3 class='av-special-heading-tag'  itemprop="headline"  >CÓMO LLEGAR</h3><div class ='av-subheading av-subheading_below av_custom_color' style='font-size:20px;'><p>Cómo llegar al Centro de las Artes de San Agustín</p>
</div><div class='special-heading-border'><div class='special-heading-inner-border' style='border-color:#ffffff'></div></div></div>
</div></div>
</div>
</div></div></div><!-- close content main div --></div></div><div id='av-layout-grid-2' class='av-layout-grid-container entry-content-wrapper main_color av-flex-cells  container_wrap fullsize'   >
<div class="flex_cell no_margin av_one_full   " style='vertical-align:top; padding:30px; background-color:#edae44; '><div class='flex_cell_inner' ></div></div>
</div>
<div class="flex_column av_one_half  flex_column_div av-zero-column-padding first  " style='border-radius:0px; '><p><div style='padding-bottom:10px;font-size:30px;' class='av-special-heading av-special-heading-h3  blockquote modern-quote   av-inherit-size'><h3 class='av-special-heading-tag'  itemprop="headline"  >RUTAS</h3><div class='special-heading-border'><div class='special-heading-inner-border' ></div></div></div><br />
<div style='padding-bottom:10px;font-size:30px;' class='av-special-heading av-special-heading-h3  blockquote modern-quote   av-inherit-size'><h3 class='av-special-heading-tag'  itemprop="headline"  >En transporte público</h3><div class='special-heading-border'><div class='special-heading-inner-border' ></div></div></div><br />
<section class="av_textblock_section"  itemscope="itemscope" itemtype="https://schema.org/CreativeWork" ><div class='avia_textblock '   itemprop="text" ><p><b>Si vienes de alguna parte de la ciudad al CaSa</b></p>
<p>Dirígete hacia la central de abastos al oeste de la ciudad, estando ahí localiza la calle Prolongación de Valerio Trujano. Ahí se encuentran los taxis foráneos de la zona de Etla (color guinda con blanco) y el sitio El Cárcamo de la comunidad de San Agustín. Toma el taxi y baja en la última parada, ubicada a 100 metros de CaSa, conocida como Vista Hermosa.</p>
<p><b>Hay 2 formas de llegar a la central:</b></p>
<ol>
<li>En camión, la mayoría de las rutas pasa por la central</li>
<li>Puedes contratar un taxi particular, los sitios seguros son Alameda, Antequera, ADO y Reforma. Si tomas el taxi desde el centro de la ciudad o sitios cercanos el costo es de $70 a $100 aproximadamente</li>
</ol>
<p><b>Costo de autobús $ 10<br />
</b></p>
<p><b>Costo de taxi foráneo: $20.00</b></p>
<p>También puedes llegar hasta el CaSa en taxi particular, si lo tomas desde Centro Histórico o sitios cercanos el costo aproximado es de <b>$250 de día y $300 a $250 por la noche</b>.</p>
<p><b>Recomendación: </b>La Central de Abastos suele ser un lugar concurrido, te recomendamos tomar precauciones y no permanecer hasta muy tarde.</p>
</div></section><br />
<div style='padding-bottom:10px;font-size:30px;' class='av-special-heading av-special-heading-h3  blockquote modern-quote   av-inherit-size'><h3 class='av-special-heading-tag'  itemprop="headline"  >En automóvil particular</h3><div class='special-heading-border'><div class='special-heading-inner-border' ></div></div></div><br />
<section class="av_textblock_section"  itemscope="itemscope" itemtype="https://schema.org/CreativeWork" ><div class='avia_textblock '   itemprop="text" ><p><b>En automóvil particular</b></p>
<p><b>Del centro de la ciudad al CaSa</b><b><br />
</b>Toma la Carretera Internacional 190 Oaxaca-México, conduce hasta llegar a la desviación de San Sebastián, Etla; entra por esta desviación, dobla a la izquierda rumbo a San Agustín y conduce derecho hasta llegar a un cruce en el cual verás una tienda con el letrero Miscelánea Doña Anita; toma tu izquierda, aproximadamente a 3 kilómetros encontrarás el CaSa.</p>
</div></section></p></div><div class="flex_column av_one_half  flex_column_div av-zero-column-padding   " style='border-radius:0px; '><p><section class="av_textblock_section"  itemscope="itemscope" itemtype="https://schema.org/CreativeWork" ><div class='avia_textblock '   itemprop="text" ><p>Dirección</p>
<p>Independencia s/n, Barrio de Vista Hermosa, San Agustín Etla, Oaxaca.</p>
<p>Teléfonos</p>
<p>01 (951) 52 1 25 74</p>
<p>01 (951) 52 1 30 42</p>
<p>01 (951) 52 1 30 43</p>
<p>Horario de visita:<br />
Lunes a domingo de<br />
10:00 a 18:00 h</p>
<p>Horario de oficina:<br />
Lunes a viernes de<br />
10:00 a 14:00 h y<br />
15:00 y 18:00 h</p>
<p>Sábados de<br />
10:00 a 14:00 h</p>
<p>Teléfono:<br />
01 951 521 2574 ext 103</p>
</div></section><br />
<section class="av_textblock_section"  itemscope="itemscope" itemtype="https://schema.org/CreativeWork" ><div class='avia_textblock '   itemprop="text" ><p><iframe loading="lazy" style="border: 0;" src="https://www.google.com/maps/embed?pb=!1m28!1m12!1m3!1d122008.87995533904!2d-96.82378751580046!3d17.132349399946243!2m3!1f0!2f0!3f0!3m2!1i1024!2i768!4f13.1!4m13!3e0!4m5!1s0x85c722307c109a83%3A0x2d00b968e46c6649!2sADO+Oaxaca%2C+5+de+Mayo%2C+Barrio+de+Jalatlaco%2C+Oaxaca!3m2!1d17.070346699999998!2d-96.7170125!4m5!1s0x85c6e01270d914d5%3A0xf09cd8b2e3e4741!2sCentro+de+las+Artes+de+San+Agust%C3%ADn%2C+Av+Independencia+s%2Fn%2C+Vista+Hermosa%2C+68247+San+Agust%C3%ADn+Etla%2C+Oax.%2C+M%C3%A9xico!3m2!1d17.1968312!2d-96.7604971!5e0!3m2!1ses!2smx!4v1506028381696" width="600" height="450" frameborder="0" allowfullscreen="allowfullscreen"></iframe></p>
</div></section><br />
<section class="av_textblock_section"  itemscope="itemscope" itemtype="https://schema.org/CreativeWork" ><div class='avia_textblock '   itemprop="text" ><p><iframe loading="lazy" style="border: 0;" src="https://www.google.com/maps/embed?pb=!1m28!1m12!1m3!1d122010.40085261308!2d-96.82801388729912!3d17.130032300033186!2m3!1f0!2f0!3f0!3m2!1i1024!2i768!4f13.1!4m13!3e0!4m5!1s0x85c72240a981b095%3A0xb38a056a1ee0fa68!2sCentro%2C+Oaxaca%2C+Oax.!3m2!1d17.0637447!2d-96.7253164!4m5!1s0x85c6e01270d914d5%3A0xf09cd8b2e3e4741!2sCentro+de+las+Artes+de+San+Agust%C3%ADn%2C+Av+Independencia+s%2Fn%2C+Vista+Hermosa%2C+68247+San+Agust%C3%ADn+Etla%2C+Oax.%2C+M%C3%A9xico!3m2!1d17.1968312!2d-96.7604971!5e0!3m2!1ses!2smx!4v1506026967591" width="600" height="450" frameborder="0" allowfullscreen="allowfullscreen"></iframe></p>
</div></section></p></div></p>
