{"id":4984,"date":"2018-08-02T11:08:59","date_gmt":"2018-08-02T16:08:59","guid":{"rendered":"https:\/\/casa.oaxaca.gob.mx\/?page_id=4984"},"modified":"2019-01-30T16:42:29","modified_gmt":"2019-01-30T22:42:29","slug":"formatos-ldf","status":"publish","type":"page","link":"https:\/\/casa.oaxaca.gob.mx\/?page_id=4984","title":{"rendered":"Formatos LDF"},"content":{"rendered":"<div style='padding-bottom:21px;font-size:45px;' class='av-special-heading av-special-heading-h3  blockquote modern-quote modern-centered   av-inherit-size'><h3 class='av-special-heading-tag'  itemprop=\"headline\"  >LGTAIP ART\u00cdCULO 70 FRACCI\u00d3N XXI:<\/h3><div class ='av-subheading av-subheading_below ' style='font-size:24px;'><p>La informaci\u00f3n financiera sobre el presupuesto asignado, as\u00ed como los informes del ejercicio trimestral del gasto, en t\u00e9rminos de la Ley General de Contabilidad Gubernamental y dem\u00e1s normatividad aplicable.<\/p>\n<\/div><div class='special-heading-border'><div class='special-heading-inner-border' ><\/div><\/div><\/div>\n<div class='avia-data-table-wrap avia_responsive_table'><table class='avia-table avia-data-table avia-table-1  avia_pricing_default'  itemscope=\"itemscope\" itemtype=\"https:\/\/schema.org\/Table\" ><tbody><tr class='avia-heading-row'><th class=''>Sistemas de evaluaci\u00f3n<\/th><th class=''>Anual<\/th><th class=''>Primer trimestre<\/th><th class='avia-center-col'>Segundo trimestre<\/th><th class=''>Tercer trimestre<\/th><th class=''>Cuarto trimestre<\/th><\/tr><tr class=''><td class=''>1-Informe sobre Estudios Actuariales<\/td><td class=''><a href=\"https:\/\/casa.oaxaca.gob.mx\/wp-content\/uploads\/2018\/08\/1.-Informe-sobre-Estudios-Actuariales.pdf\"><br \/>\n<img loading=\"lazy\" decoding=\"async\" src=\"https:\/\/casa.oaxaca.gob.mx\/wp-content\/uploads\/2018\/08\/001-pdf.jpg\" alt=\"\" width=\"40\" height=\"46\" \/><\/a><\/p>\n<p><a href=\"https:\/\/casa.oaxaca.gob.mx\/wp-content\/uploads\/2018\/08\/1.-Informe-sobre-Estudios-Actuariales.xlsx\"><br \/>\n<img loading=\"lazy\" decoding=\"async\" src=\"https:\/\/casa.oaxaca.gob.mx\/wp-content\/uploads\/2018\/08\/002-xls-1.jpg\" alt=\"\" width=\"40\" height=\"46\" \/><\/a><\/td><td class=''><\/td><td class='avia-center-col'><\/td><td class=''><a href=\"https:\/\/casa.oaxaca.gob.mx\/wp-content\/uploads\/2018\/10\/1-Informe-sobre-Estudios-Actuariales.pdf\"><br \/>\n<img loading=\"lazy\" decoding=\"async\" src=\"https:\/\/casa.oaxaca.gob.mx\/wp-content\/uploads\/2018\/08\/001-pdf.jpg\" alt=\"\" width=\"40\" height=\"46\" \/><\/a><br \/>\n<a href=\"https:\/\/casa.oaxaca.gob.mx\/wp-content\/uploads\/2018\/10\/1-Informe-sobre-Estudios-Actuariales.xlsx\"><br \/>\n<img loading=\"lazy\" decoding=\"async\" src=\"https:\/\/casa.oaxaca.gob.mx\/wp-content\/uploads\/2018\/08\/002-xls-1.jpg\" alt=\"\" width=\"40\" height=\"46\" \/><\/a><\/td><td class=''><a href=\"https:\/\/casa.oaxaca.gob.mx\/wp-content\/uploads\/2019\/01\/1-estudios-actuariales.pdf\"><br \/>\n<img loading=\"lazy\" decoding=\"async\" src=\"https:\/\/casa.oaxaca.gob.mx\/wp-content\/uploads\/2018\/08\/001-pdf.jpg\" alt=\"\" width=\"40\" height=\"46\" \/><\/a><br \/>\n<a href=\"https:\/\/casa.oaxaca.gob.mx\/wp-content\/uploads\/2019\/01\/1-estudios-actuariales.xlsx\"><br \/>\n<img loading=\"lazy\" decoding=\"async\" src=\"https:\/\/casa.oaxaca.gob.mx\/wp-content\/uploads\/2018\/08\/002-xls-1.jpg\" alt=\"\" width=\"40\" height=\"46\" \/><\/a><\/td><\/tr><tr class=''><td class=''>2-Estado de Situaci\u00f3n Financiera Detallado \u2013 LDF<br \/>\n<\/td><td class=''><\/td><td class=''><\/td><td class='avia-center-col'><a href=\"https:\/\/casa.oaxaca.gob.mx\/wp-content\/uploads\/2018\/08\/2.-Estado-de-Situacio\u0301n-Financiera-Detallado-LDF.pdf\"><br \/>\n<img loading=\"lazy\" decoding=\"async\" src=\"https:\/\/casa.oaxaca.gob.mx\/wp-content\/uploads\/2018\/08\/001-pdf.jpg\" alt=\"\" width=\"40\" height=\"46\" \/><\/a><\/p>\n<p><a href=\"https:\/\/casa.oaxaca.gob.mx\/wp-content\/uploads\/2018\/08\/2.-Estado-de-Situacio\u0301n-Financiera-Detallado-LDF.xlsx\"><br \/>\n<img loading=\"lazy\" decoding=\"async\" src=\"https:\/\/casa.oaxaca.gob.mx\/wp-content\/uploads\/2018\/08\/002-xls-1.jpg\" alt=\"\" width=\"40\" height=\"46\" \/><\/a><\/td><td class=''><a href=\"https:\/\/casa.oaxaca.gob.mx\/wp-content\/uploads\/2018\/11\/2-estado-de-situacion-financiera-2.pdf\"><br \/>\n<img loading=\"lazy\" decoding=\"async\" src=\"https:\/\/casa.oaxaca.gob.mx\/wp-content\/uploads\/2018\/08\/001-pdf.jpg\" alt=\"\" width=\"40\" height=\"46\" \/><\/a><br \/>\n<a href=\"https:\/\/casa.oaxaca.gob.mx\/wp-content\/uploads\/2018\/11\/2-estado-de-situacion-financiera-1.xlsx\"><br \/>\n<img loading=\"lazy\" decoding=\"async\" src=\"https:\/\/casa.oaxaca.gob.mx\/wp-content\/uploads\/2018\/08\/002-xls-1.jpg\" alt=\"\" width=\"40\" height=\"46\" \/><\/a><\/td><td class=''><a href=\"https:\/\/casa.oaxaca.gob.mx\/wp-content\/uploads\/2019\/01\/2-estado-de-situacion-financiera.pdf\"><br \/>\n<img loading=\"lazy\" decoding=\"async\" src=\"https:\/\/casa.oaxaca.gob.mx\/wp-content\/uploads\/2018\/08\/001-pdf.jpg\" alt=\"\" width=\"40\" height=\"46\" \/><\/a><br \/>\n<a href=\"https:\/\/casa.oaxaca.gob.mx\/wp-content\/uploads\/2019\/01\/2-estado-de-situacion-financiera.xlsx\"><br \/>\n<img loading=\"lazy\" decoding=\"async\" src=\"https:\/\/casa.oaxaca.gob.mx\/wp-content\/uploads\/2018\/08\/002-xls-1.jpg\" alt=\"\" width=\"40\" height=\"46\" \/><\/a><\/td><\/tr><tr class=''><td class=''>3-Informe Anal\u00edtico de la Deuda P\u00fablica y Otros Pasivos \u2013 LDF<\/td><td class=''><\/td><td class=''><\/td><td class='avia-center-col'><a href=\"https:\/\/casa.oaxaca.gob.mx\/wp-content\/uploads\/2018\/08\/3.-Informe-Anali\u0301tico-de-la-Deuda-Pu\u0301blica-y-Otros-Pasivos-LDF.pdf\"><br \/>\n<img loading=\"lazy\" decoding=\"async\" src=\"https:\/\/casa.oaxaca.gob.mx\/wp-content\/uploads\/2018\/08\/001-pdf.jpg\" alt=\"\" width=\"40\" height=\"46\" \/><\/a><\/p>\n<p><a href=\"https:\/\/casa.oaxaca.gob.mx\/wp-content\/uploads\/2018\/08\/3.-Informe-Anali\u0301tico-de-la-Deuda-Pu\u0301blica-y-Otros-Pasivos-LDF.xlsx\"><br \/>\n<img loading=\"lazy\" decoding=\"async\" src=\"https:\/\/casa.oaxaca.gob.mx\/wp-content\/uploads\/2018\/08\/002-xls-1.jpg\" alt=\"\" width=\"40\" height=\"46\" \/><\/a><\/td><td class=''><a href=\"https:\/\/casa.oaxaca.gob.mx\/wp-content\/uploads\/2018\/11\/3-deuda-publica-y-otros-pasivos-1.pdf\"><br \/>\n<img loading=\"lazy\" decoding=\"async\" src=\"https:\/\/casa.oaxaca.gob.mx\/wp-content\/uploads\/2018\/08\/001-pdf.jpg\" alt=\"\" width=\"40\" height=\"46\" \/><\/a><br \/>\n<a href=\"https:\/\/casa.oaxaca.gob.mx\/wp-content\/uploads\/2018\/11\/3-deuda-publica-y-otros-pasivos-1.xlsx\"><br \/>\n<img loading=\"lazy\" decoding=\"async\" src=\"https:\/\/casa.oaxaca.gob.mx\/wp-content\/uploads\/2018\/08\/002-xls-1.jpg\" alt=\"\" width=\"40\" height=\"46\" \/><\/a><\/td><td class=''><a href=\"https:\/\/casa.oaxaca.gob.mx\/wp-content\/uploads\/2019\/01\/3-deuda-publica-y-otros-pasivos.pdf\"><br \/>\n<img loading=\"lazy\" decoding=\"async\" src=\"https:\/\/casa.oaxaca.gob.mx\/wp-content\/uploads\/2018\/08\/001-pdf.jpg\" alt=\"\" width=\"40\" height=\"46\" \/><\/a><br \/>\n<a href=\"https:\/\/casa.oaxaca.gob.mx\/wp-content\/uploads\/2019\/01\/3-deuda-publica-y-otros-pasivos.xlsx\"><br \/>\n<img loading=\"lazy\" decoding=\"async\" src=\"https:\/\/casa.oaxaca.gob.mx\/wp-content\/uploads\/2018\/08\/002-xls-1.jpg\" alt=\"\" width=\"40\" height=\"46\" \/><\/a><\/td><\/tr><tr class=''><td class=''>4-Informe Anal\u00edtico de Obligaciones Diferentes de Financiamientos \u2013 LDF<\/td><td class=''><\/td><td class=''><\/td><td class='avia-center-col'><a href=\"https:\/\/casa.oaxaca.gob.mx\/wp-content\/uploads\/2018\/08\/4.-Informe-Anali\u0301tico-de-Obligaciones-Diferentes-de-Financiamientos-LDF.pdf\"><br \/>\n<img loading=\"lazy\" decoding=\"async\" src=\"https:\/\/casa.oaxaca.gob.mx\/wp-content\/uploads\/2018\/08\/001-pdf.jpg\" alt=\"\" width=\"40\" height=\"46\" \/><\/a><\/p>\n<p><a href=\"https:\/\/casa.oaxaca.gob.mx\/wp-content\/uploads\/2018\/08\/4.-Informe-Anali\u0301tico-de-Obligaciones-Diferentes-de-Financiamientos-LDF.xlsx\"><br \/>\n<img loading=\"lazy\" decoding=\"async\" src=\"https:\/\/casa.oaxaca.gob.mx\/wp-content\/uploads\/2018\/08\/002-xls-1.jpg\" alt=\"\" width=\"40\" height=\"46\" \/><\/a><\/td><td class=''><a href=\"https:\/\/casa.oaxaca.gob.mx\/wp-content\/uploads\/2018\/11\/4-obligaciones-diferentes-de-financiamientos-1.pdf\"><br \/>\n<img loading=\"lazy\" decoding=\"async\" src=\"https:\/\/casa.oaxaca.gob.mx\/wp-content\/uploads\/2018\/08\/001-pdf.jpg\" alt=\"\" width=\"40\" height=\"46\" \/><\/a><br \/>\n<a href=\"https:\/\/casa.oaxaca.gob.mx\/wp-content\/uploads\/2018\/11\/4-obligaciones-diferentes-de-financiamientos-1.xlsx\"><br \/>\n<img loading=\"lazy\" decoding=\"async\" src=\"https:\/\/casa.oaxaca.gob.mx\/wp-content\/uploads\/2018\/08\/002-xls-1.jpg\" alt=\"\" width=\"40\" height=\"46\" \/><\/a><\/td><td class=''><a href=\"https:\/\/casa.oaxaca.gob.mx\/wp-content\/uploads\/2019\/01\/4-oligaciones-diferentes-de-financiamiento.pdf\"><br \/>\n<img loading=\"lazy\" decoding=\"async\" src=\"https:\/\/casa.oaxaca.gob.mx\/wp-content\/uploads\/2018\/08\/001-pdf.jpg\" alt=\"\" width=\"40\" height=\"46\" \/><\/a><br \/>\n<a href=\"https:\/\/casa.oaxaca.gob.mx\/wp-content\/uploads\/2019\/01\/4-oligaciones-diferentes-de-financiamiento.xlsx\"><br \/>\n<img loading=\"lazy\" decoding=\"async\" src=\"https:\/\/casa.oaxaca.gob.mx\/wp-content\/uploads\/2018\/08\/002-xls-1.jpg\" alt=\"\" width=\"40\" height=\"46\" \/><\/a><\/td><\/tr><tr class=''><td class=''>5-Balance Presupuestario \u2013 LDF<br \/>\n<\/td><td class=''><\/td><td class=''><\/td><td class='avia-center-col'><a href=\"https:\/\/casa.oaxaca.gob.mx\/wp-content\/uploads\/2018\/08\/5.-Balance-Presupuestario-LDF.pdf\"><br \/>\n<img loading=\"lazy\" decoding=\"async\" src=\"https:\/\/casa.oaxaca.gob.mx\/wp-content\/uploads\/2018\/08\/001-pdf.jpg\" alt=\"\" width=\"40\" height=\"46\" \/><\/a><\/p>\n<p><a href=\"https:\/\/casa.oaxaca.gob.mx\/wp-content\/uploads\/2018\/08\/5.-Balance-Presupuestario-LDF.xlsx\"><br \/>\n<img loading=\"lazy\" decoding=\"async\" src=\"https:\/\/casa.oaxaca.gob.mx\/wp-content\/uploads\/2018\/08\/002-xls-1.jpg\" alt=\"\" width=\"40\" height=\"46\" \/><\/a><\/td><td class=''><a href=\"https:\/\/casa.oaxaca.gob.mx\/wp-content\/uploads\/2018\/11\/5-balance-presupuestario.pdf\"><br \/>\n<img loading=\"lazy\" decoding=\"async\" src=\"https:\/\/casa.oaxaca.gob.mx\/wp-content\/uploads\/2018\/08\/001-pdf.jpg\" alt=\"\" width=\"40\" height=\"46\" \/><\/a><br \/>\n<a href=\"https:\/\/casa.oaxaca.gob.mx\/wp-content\/uploads\/2018\/11\/5-balance-presupuestario-1.xlsx\"><br \/>\n<img loading=\"lazy\" decoding=\"async\" src=\"https:\/\/casa.oaxaca.gob.mx\/wp-content\/uploads\/2018\/08\/002-xls-1.jpg\" alt=\"\" width=\"40\" height=\"46\" \/><\/a><\/td><td class=''><a href=\"https:\/\/casa.oaxaca.gob.mx\/wp-content\/uploads\/2019\/01\/5-balance-presupuestario.pdf\"><br \/>\n<img loading=\"lazy\" decoding=\"async\" src=\"https:\/\/casa.oaxaca.gob.mx\/wp-content\/uploads\/2018\/08\/001-pdf.jpg\" alt=\"\" width=\"40\" height=\"46\" \/><\/a><br \/>\n<a href=\"https:\/\/casa.oaxaca.gob.mx\/wp-content\/uploads\/2019\/01\/5-balance-presupuestario.xlsx\"><br \/>\n<img loading=\"lazy\" decoding=\"async\" src=\"https:\/\/casa.oaxaca.gob.mx\/wp-content\/uploads\/2018\/08\/002-xls-1.jpg\" alt=\"\" width=\"40\" height=\"46\" \/><\/a><\/td><\/tr><tr class=''><td class=''>6-Estado Anal\u00edtico de Ingresos Detallado \u2013 LDF<br \/>\n<\/td><td class=''><\/td><td class=''><\/td><td class='avia-center-col'><a href=\"https:\/\/casa.oaxaca.gob.mx\/wp-content\/uploads\/2018\/08\/6.-Estado-Anali\u0301tico-de-Ingresos-Detallado-LDF.pdf\"><br \/>\n<img loading=\"lazy\" decoding=\"async\" src=\"https:\/\/casa.oaxaca.gob.mx\/wp-content\/uploads\/2018\/08\/001-pdf.jpg\" alt=\"\" width=\"40\" height=\"46\" \/><\/a><\/p>\n<p><a href=\"https:\/\/casa.oaxaca.gob.mx\/wp-content\/uploads\/2018\/08\/6.-Estado-Anali\u0301tico-de-Ingresos-Detallado-LDF.xlsx\"><br \/>\n<img loading=\"lazy\" decoding=\"async\" src=\"https:\/\/casa.oaxaca.gob.mx\/wp-content\/uploads\/2018\/08\/002-xls-1.jpg\" alt=\"\" width=\"40\" height=\"46\" \/><\/a><\/td><td class=''><a href=\"https:\/\/casa.oaxaca.gob.mx\/wp-content\/uploads\/2018\/11\/6-estado-analitico-de-ingresos-detallado-1.pdf\"><br \/>\n<img loading=\"lazy\" decoding=\"async\" src=\"https:\/\/casa.oaxaca.gob.mx\/wp-content\/uploads\/2018\/08\/001-pdf.jpg\" alt=\"\" width=\"40\" height=\"46\" \/><\/a><br \/>\n<a href=\"https:\/\/casa.oaxaca.gob.mx\/wp-content\/uploads\/2018\/11\/6-estado-analitico-de-ingresos-detallado-1.xlsx\"><br \/>\n<img loading=\"lazy\" decoding=\"async\" src=\"https:\/\/casa.oaxaca.gob.mx\/wp-content\/uploads\/2018\/08\/002-xls-1.jpg\" alt=\"\" width=\"40\" height=\"46\" \/><\/a><\/td><td class=''><a href=\"https:\/\/casa.oaxaca.gob.mx\/wp-content\/uploads\/2019\/01\/6-estado-analitico-de-ingresos-detallado.pdf\"><br \/>\n<img loading=\"lazy\" decoding=\"async\" src=\"https:\/\/casa.oaxaca.gob.mx\/wp-content\/uploads\/2018\/08\/001-pdf.jpg\" alt=\"\" width=\"40\" height=\"46\" \/><\/a><br \/>\n<a href=\"https:\/\/casa.oaxaca.gob.mx\/wp-content\/uploads\/2019\/01\/6-estado-analitico-de-ingresos-detallado.xlsx\"><br \/>\n<img loading=\"lazy\" decoding=\"async\" src=\"https:\/\/casa.oaxaca.gob.mx\/wp-content\/uploads\/2018\/08\/002-xls-1.jpg\" alt=\"\" width=\"40\" height=\"46\" \/><\/a><\/td><\/tr><tr class=''><td class=''>7-Estado Anal\u00edtico del Ejercicio del Presupuesto de Egresos Detallado &#8211; LDF<br \/>\n(Clasificaci\u00f3n por Objeto del Gasto Capitulo-Concepto)<\/td><td class=''><\/td><td class=''><\/td><td class='avia-center-col'><a href=\"https:\/\/casa.oaxaca.gob.mx\/wp-content\/uploads\/2018\/08\/7.-Estado-Anali\u0301tico-del-Ejercicio-del-Presupuesto-de-Egresos-Detallado-LDF-Clasificacio\u0301n-por-Objeto-del-Gasto-Capitulo-Concepto.pdf\"><br \/>\n<img loading=\"lazy\" decoding=\"async\" src=\"https:\/\/casa.oaxaca.gob.mx\/wp-content\/uploads\/2018\/08\/001-pdf.jpg\" alt=\"\" width=\"40\" height=\"46\" \/><\/a><\/p>\n<p><a href=\"https:\/\/casa.oaxaca.gob.mx\/wp-content\/uploads\/2018\/08\/7.-Estado-Anali\u0301tico-del-Ejercicio-del-Presupuesto-de-Egresos-Detallado-LDF-Clasificacio\u0301n-por-Objeto-del-Gasto-Capitulo-Concepto.xlsx\"><br \/>\n<img loading=\"lazy\" decoding=\"async\" src=\"https:\/\/casa.oaxaca.gob.mx\/wp-content\/uploads\/2018\/08\/002-xls-1.jpg\" alt=\"\" width=\"40\" height=\"46\" \/><\/a><\/td><td class=''><a href=\"https:\/\/casa.oaxaca.gob.mx\/wp-content\/uploads\/2018\/11\/7-clasificacion-por-objeto-del-gasto-capitulo-concepto-1.pdf\"><br \/>\n<img loading=\"lazy\" decoding=\"async\" src=\"https:\/\/casa.oaxaca.gob.mx\/wp-content\/uploads\/2018\/08\/001-pdf.jpg\" alt=\"\" width=\"40\" height=\"46\" \/><\/a><br \/>\n<a href=\"https:\/\/casa.oaxaca.gob.mx\/wp-content\/uploads\/2018\/11\/7-clasificacion-por-objeto-del-gasto-capitulo-concepto-1.xlsx\"><br \/>\n<img loading=\"lazy\" decoding=\"async\" src=\"https:\/\/casa.oaxaca.gob.mx\/wp-content\/uploads\/2018\/08\/002-xls-1.jpg\" alt=\"\" width=\"40\" height=\"46\" \/><\/a><\/td><td class=''><a href=\"https:\/\/casa.oaxaca.gob.mx\/wp-content\/uploads\/2019\/01\/7-clasificacion-por-objeto-del-gasto-capitulo-concepto.pdf\"><br \/>\n<img loading=\"lazy\" decoding=\"async\" src=\"https:\/\/casa.oaxaca.gob.mx\/wp-content\/uploads\/2018\/08\/001-pdf.jpg\" alt=\"\" width=\"40\" height=\"46\" \/><\/a><br \/>\n<a href=\"https:\/\/casa.oaxaca.gob.mx\/wp-content\/uploads\/2019\/01\/7-clasificacion-por-objeto-del-gasto-capitulo-concepto.xlsx\"><br \/>\n<img loading=\"lazy\" decoding=\"async\" src=\"https:\/\/casa.oaxaca.gob.mx\/wp-content\/uploads\/2018\/08\/002-xls-1.jpg\" alt=\"\" width=\"40\" height=\"46\" \/><\/a><\/td><\/tr><tr class=''><td class=''>8-Estado Anal\u00edtico del Ejercicio del Presupuesto de Egresos Detallado \u2013 LDF<br \/>\n(Clasificaci\u00f3n Administrativa) <\/td><td class=''><\/td><td class=''><\/td><td class='avia-center-col'><a href=\"https:\/\/casa.oaxaca.gob.mx\/wp-content\/uploads\/2018\/08\/8.-Estado-Anali\u0301tico-del-Ejercicio-del-Presupuesto-de-Egresos-Detallado-LDF-Clasificacio\u0301n-Administrativa.pdf\"><br \/>\n<img loading=\"lazy\" decoding=\"async\" src=\"https:\/\/casa.oaxaca.gob.mx\/wp-content\/uploads\/2018\/08\/001-pdf.jpg\" alt=\"\" width=\"40\" height=\"46\" \/><\/a><\/p>\n<p><a href=\"https:\/\/casa.oaxaca.gob.mx\/wp-content\/uploads\/2018\/08\/8.-Estado-Anali\u0301tico-del-Ejercicio-del-Presupuesto-de-Egresos-Detallado-LDF-Clasificacio\u0301n-Administrativa.xlsx\"><br \/>\n<img loading=\"lazy\" decoding=\"async\" src=\"https:\/\/casa.oaxaca.gob.mx\/wp-content\/uploads\/2018\/08\/002-xls-1.jpg\" alt=\"\" width=\"40\" height=\"46\" \/><\/a><\/td><td class=''><a href=\"https:\/\/casa.oaxaca.gob.mx\/wp-content\/uploads\/2018\/11\/8-clasificacion-administrativa-1.pdf\"><br \/>\n<img loading=\"lazy\" decoding=\"async\" src=\"https:\/\/casa.oaxaca.gob.mx\/wp-content\/uploads\/2018\/08\/001-pdf.jpg\" alt=\"\" width=\"40\" height=\"46\" \/><\/a><br \/>\n<a href=\"https:\/\/casa.oaxaca.gob.mx\/wp-content\/uploads\/2018\/11\/8-clasificacion-administrativa-1.xlsx\"><br \/>\n<img loading=\"lazy\" decoding=\"async\" src=\"https:\/\/casa.oaxaca.gob.mx\/wp-content\/uploads\/2018\/08\/002-xls-1.jpg\" alt=\"\" width=\"40\" height=\"46\" \/><\/a><\/td><td class=''><a href=\"https:\/\/casa.oaxaca.gob.mx\/wp-content\/uploads\/2019\/01\/8-clasificacion-administrativa.pdf\"><br \/>\n<img loading=\"lazy\" decoding=\"async\" src=\"https:\/\/casa.oaxaca.gob.mx\/wp-content\/uploads\/2018\/08\/001-pdf.jpg\" alt=\"\" width=\"40\" height=\"46\" \/><\/a><br \/>\n<a href=\"https:\/\/casa.oaxaca.gob.mx\/wp-content\/uploads\/2019\/01\/8-clasificacion-administrativa.xlsx\"><br \/>\n<img loading=\"lazy\" decoding=\"async\" src=\"https:\/\/casa.oaxaca.gob.mx\/wp-content\/uploads\/2018\/08\/002-xls-1.jpg\" alt=\"\" width=\"40\" height=\"46\" \/><\/a><\/td><\/tr><tr class=''><td class=''>9-Estado Anal\u00edtico del Ejercicio del Presupuesto de Egresos Detallado &#8211; LDF<br \/>\n(Clasificaci\u00f3n Finalidad y Funci\u00f3n) <\/td><td class=''><\/td><td class=''><\/td><td class='avia-center-col'><a href=\"https:\/\/casa.oaxaca.gob.mx\/wp-content\/uploads\/2018\/08\/9.-Estado-Anali\u0301tico-del-Ejercicio-del-Presupuesto-de-Egresos-Detallado-LDF-Clasificacio\u0301n-Finalidad-y-Funcio\u0301n.pdf\"><br \/>\n<img loading=\"lazy\" decoding=\"async\" src=\"https:\/\/casa.oaxaca.gob.mx\/wp-content\/uploads\/2018\/08\/001-pdf.jpg\" alt=\"\" width=\"40\" height=\"46\" \/><\/a><\/p>\n<p><a href=\"https:\/\/casa.oaxaca.gob.mx\/wp-content\/uploads\/2018\/08\/9.-Estado-Anali\u0301tico-del-Ejercicio-del-Presupuesto-de-Egresos-Detallado-LDF-Clasificacio\u0301n-Finalidad-y-Funcio\u0301n.xlsx\"><br \/>\n<img loading=\"lazy\" decoding=\"async\" src=\"https:\/\/casa.oaxaca.gob.mx\/wp-content\/uploads\/2018\/08\/002-xls-1.jpg\" alt=\"\" width=\"40\" height=\"46\" \/><\/a><\/td><td class=''><a href=\"https:\/\/casa.oaxaca.gob.mx\/wp-content\/uploads\/2018\/11\/9-clasificacion-finalidad-y-funcion-1.pdf\"><br \/>\n<img loading=\"lazy\" decoding=\"async\" src=\"https:\/\/casa.oaxaca.gob.mx\/wp-content\/uploads\/2018\/08\/001-pdf.jpg\" alt=\"\" width=\"40\" height=\"46\" \/><\/a><br \/>\n<a href=\"https:\/\/casa.oaxaca.gob.mx\/wp-content\/uploads\/2018\/11\/9-clasificacion-finalidad-y-funcion-1.xlsx\"><br \/>\n<img loading=\"lazy\" decoding=\"async\" src=\"https:\/\/casa.oaxaca.gob.mx\/wp-content\/uploads\/2018\/08\/002-xls-1.jpg\" alt=\"\" width=\"40\" height=\"46\" \/><\/a><\/td><td class=''><a href=\"https:\/\/casa.oaxaca.gob.mx\/wp-content\/uploads\/2019\/01\/9-clasificacion-finalidad-y-funcion.pdf\"><br \/>\n<img loading=\"lazy\" decoding=\"async\" src=\"https:\/\/casa.oaxaca.gob.mx\/wp-content\/uploads\/2018\/08\/001-pdf.jpg\" alt=\"\" width=\"40\" height=\"46\" \/><\/a><br \/>\n<a href=\"https:\/\/casa.oaxaca.gob.mx\/wp-content\/uploads\/2019\/01\/9-clasificacion-finalidad-y-funcion.xlsx\"><br \/>\n<img loading=\"lazy\" decoding=\"async\" src=\"https:\/\/casa.oaxaca.gob.mx\/wp-content\/uploads\/2018\/08\/002-xls-1.jpg\" alt=\"\" width=\"40\" height=\"46\" \/><\/a><\/td><\/tr><tr class=''><td class=''>10- Estado Anal\u00edtico del Ejercicio del Presupuesto de Egresos Detallado &#8211; LDF<br \/>\n(Clasificaci\u00f3n de Servicios Personales por Categor\u00eda)<\/td><td class=''><\/td><td class=''><\/td><td class='avia-center-col'><a href=\"https:\/\/casa.oaxaca.gob.mx\/wp-content\/uploads\/2018\/08\/10.-Estado-Anali\u0301tico-del-Ejercicio-del-Presupuesto-de-Egresos-Detallado-LDF-Clasificacio\u0301n-de-Servicios-Personales-por-Categori\u0301a.pdf\"><br \/>\n<img loading=\"lazy\" decoding=\"async\" src=\"https:\/\/casa.oaxaca.gob.mx\/wp-content\/uploads\/2018\/08\/001-pdf.jpg\" alt=\"\" width=\"40\" height=\"46\" \/><\/a><\/p>\n<p><a href=\"https:\/\/casa.oaxaca.gob.mx\/wp-content\/uploads\/2018\/08\/10.-Estado-Anali\u0301tico-del-Ejercicio-del-Presupuesto-de-Egresos-Detallado-LDF-Clasificacio\u0301n-de-Servicios-Personales-por-Categori\u0301a.xlsx\"><br \/>\n<img loading=\"lazy\" decoding=\"async\" src=\"https:\/\/casa.oaxaca.gob.mx\/wp-content\/uploads\/2018\/08\/002-xls-1.jpg\" alt=\"\" width=\"40\" height=\"46\" \/><\/a><\/td><td class=''><a href=\"https:\/\/casa.oaxaca.gob.mx\/wp-content\/uploads\/2018\/11\/10-clasificacion-de-servicios-personales-por-categoria-1.pdf\"><br \/>\n<img loading=\"lazy\" decoding=\"async\" src=\"https:\/\/casa.oaxaca.gob.mx\/wp-content\/uploads\/2018\/08\/001-pdf.jpg\" alt=\"\" width=\"40\" height=\"46\" \/><\/a><br \/>\n<a href=\"https:\/\/casa.oaxaca.gob.mx\/wp-content\/uploads\/2018\/11\/10-clasificacion-de-servicios-personales-por-categoria-1.xlsx\"><br \/>\n<img loading=\"lazy\" decoding=\"async\" src=\"https:\/\/casa.oaxaca.gob.mx\/wp-content\/uploads\/2018\/08\/002-xls-1.jpg\" alt=\"\" width=\"40\" height=\"46\" \/><\/a><\/td><td class=''><a href=\"https:\/\/casa.oaxaca.gob.mx\/wp-content\/uploads\/2019\/01\/10-clasificacion-de-servicios-personales-por-categoria.pdf\"><br \/>\n<img loading=\"lazy\" decoding=\"async\" src=\"https:\/\/casa.oaxaca.gob.mx\/wp-content\/uploads\/2018\/08\/001-pdf.jpg\" alt=\"\" width=\"40\" height=\"46\" \/><\/a><br \/>\n<a href=\"https:\/\/casa.oaxaca.gob.mx\/wp-content\/uploads\/2019\/01\/10-clasificacion-de-servicios-personales-por-categoria.xlsx\"><br \/>\n<img loading=\"lazy\" decoding=\"async\" src=\"https:\/\/casa.oaxaca.gob.mx\/wp-content\/uploads\/2018\/08\/002-xls-1.jpg\" alt=\"\" width=\"40\" height=\"46\" \/><\/a><\/td><\/tr><\/tbody><\/table><\/div><style type='text\/css'>.avia-table-1 td:nth-of-type(1):before { content: 'Sistemas de evaluaci\u00f3n'; } .avia-table-1 td:nth-of-type(2):before { content: 'Anual'; } .avia-table-1 td:nth-of-type(3):before { content: 'Primer trimestre'; } .avia-table-1 td:nth-of-type(4):before { content: 'Segundo trimestre'; } .avia-table-1 td:nth-of-type(5):before { content: 'Tercer trimestre'; } .avia-table-1 td:nth-of-type(6):before { content: 'Cuarto trimestre'; } <\/style>\n","protected":false},"excerpt":{"rendered":"","protected":false},"author":1,"featured_media":0,"parent":0,"menu_order":0,"comment_status":"closed","ping_status":"closed","template":"","meta":{"_exactmetrics_skip_tracking":false,"_exactmetrics_sitenote_active":false,"_exactmetrics_sitenote_note":"","_exactmetrics_sitenote_category":0,"footnotes":""},"class_list":["post-4984","page","type-page","status-publish","hentry"],"_links":{"self":[{"href":"https:\/\/casa.oaxaca.gob.mx\/index.php?rest_route=\/wp\/v2\/pages\/4984","targetHints":{"allow":["GET"]}}],"collection":[{"href":"https:\/\/casa.oaxaca.gob.mx\/index.php?rest_route=\/wp\/v2\/pages"}],"about":[{"href":"https:\/\/casa.oaxaca.gob.mx\/index.php?rest_route=\/wp\/v2\/types\/page"}],"author":[{"embeddable":true,"href":"https:\/\/casa.oaxaca.gob.mx\/index.php?rest_route=\/wp\/v2\/users\/1"}],"replies":[{"embeddable":true,"href":"https:\/\/casa.oaxaca.gob.mx\/index.php?rest_route=%2Fwp%2Fv2%2Fcomments&post=4984"}],"version-history":[{"count":34,"href":"https:\/\/casa.oaxaca.gob.mx\/index.php?rest_route=\/wp\/v2\/pages\/4984\/revisions"}],"predecessor-version":[{"id":5836,"href":"https:\/\/casa.oaxaca.gob.mx\/index.php?rest_route=\/wp\/v2\/pages\/4984\/revisions\/5836"}],"wp:attachment":[{"href":"https:\/\/casa.oaxaca.gob.mx\/index.php?rest_route=%2Fwp%2Fv2%2Fmedia&parent=4984"}],"curies":[{"name":"wp","href":"https:\/\/api.w.org\/{rel}","templated":true}]}}